 73741175?
False
Does 18 divide 42282982?
False
Is 4 a factor of 1276540?
True
Is 89 a factor of 73045584?
False
Does 10 divide 56218632?
False
Is 10734987 a multiple of 101?
True
Does 15 divide 2881455?
True
Does 885 divide 153374650?
False
Does 25 divide 54852545?
False
Is 32589200 a multiple of 2884?
True
Is 3130593 a multiple of 14?
False
Does 758 divide 557182302?
True
Does 12 divide 81183096?
True
Is 37935934 a multiple of 49?
False
Is 3419 a factor of 400423023?
True
Is 34636992 a multiple of 52?
True
Does 90 divide 4348005?
False
Is 23 a factor of 1267392?
True
Is 2054 a factor of 701344257?
False
Is 56 a factor of 35677320?
True
Does 3308 divide 89329232?
True
Is 162361094 a multiple of 3143?
True
Is 35 a factor of 71368080?
True
Is 554 a factor of 17010016?
True
Is 18 a factor of 193005686?
False
Is 31551819 a multiple of 5?
False
Is 167124791 a multiple of 67?
False
Is 776944301 a multiple of 943?
True
Is 622823418 a multiple of 31?
True
Is 9448793 a multiple of 7?
False
Is 124448220 a multiple of 117?
True
Is 172 a factor of 20459744?
True
Does 373 divide 1036406610?
True
Is 14 a factor of 626174524?
False
Is 2583 a factor of 1601656308?
True
Is 101435204 a multiple of 37?
True
Does 2421 divide 600397628?
False
Does 80 divide 562555600?
True
Is 2988 a factor of 94393593?
False
Is 107 a factor of 187529591?
True
Is 194539231 a multiple of 5519?
True
Is 808035 a multiple of 523?
True
Does 164 divide 1605255452?
True
Is 8 a factor of 2703736?
True
Does 11 divide 62574897?
True
Does 17 divide 33765179?
True
Is 1879 a factor of 67174250?
True
Is 3825 a factor of 809249907?
False
Does 4 divide 18545623?
False
Does 2505 divide 264635618?
False
Does 14 divide 237489845?
False
Does 52 divide 118548964?
False
Does 288 divide 37806884?
False
Does 2533 divide 750177853?
False
Does 351 divide 38068368?
False
Is 99239830 a multiple of 10?
True
Does 1040 divide 344933680?
True
Is 115363424 a multiple of 88?
True
Is 13545 a factor of 5412256920?
True
Does 18 divide 92514420?
True
Is 1012607271 a multiple of 4069?
True
Is 61 a factor of 142256636?
True
Does 24 divide 3737736?
True
Is 88607970 a multiple of 165?
True
Does 1828 divide 32961737?
False
Is 514 a factor of 8337594?
True
Is 274 a factor of 224523820?
True
Does 54 divide 19966149?
False
Is 428 a factor of 39195924?
False
Does 22 divide 2609904?
True
Is 341 a factor of 8270614?
True
Does 178 divide 9690498?
True
Is 1021 a factor of 7253681227?
True
Does 145 divide 106571230?
True
Does 4 divide 29327566?
False
Is 178356805 a multiple of 63?
False
Is 2974662424 a multiple of 6?
False
Does 36 divide 101674092?
False
Does 938 divide 22278438?
True
Is 95 a factor of 1265305?
True
Is 30 a factor of 9422137?
False
Is 3300 a factor of 1515860270?
False
Is 1691328266 a multiple of 11900?
False
Is 32 a factor of 39349604?
False
Is 386 a factor of 10189349?
False
Is 10051660 a multiple of 260?
False
Is 10956215 a multiple of 130?
False
Does 35 divide 1432268110?
True
Is 62 a factor of 38056282?
True
Does 2889 divide 180027998?
False
Does 1849 divide 1197154229?
False
Does 2 divide 5322212?
True
Does 3250 divide 176718750?
True
Does 198 divide 6995582?
False
Does 426 divide 26826498?
True
Is 1118264038 a multiple of 10?
False
Is 12272474 a multiple of 3?
False
Is 148 a factor of 135532480?
True
Is 3179358 a multiple of 351?
True
Does 5 divide 67914058?
False
Is 1508 a factor of 113080631?
False
Is 3777355646 a multiple of 132?
False
Is 245712519 a multiple of 139?
False
Is 253 a factor of 271470087?
False
Is 18067827 a multiple of 135?
False
Is 2 a factor of 7409163?
False
Does 21 divide 82656756?
True
Does 7273 divide 2058550130?
False
Does 66 divide 2183633496?
True
Does 81 divide 193156300?
False
Is 1176637506 a multiple of 2409?
True
Does 3821 divide 244612778?
True
Is 82753102 a multiple of 674?
False
Does 14 divide 126792556?
False
Is 182075074 a multiple of 2551?
True
Is 1646029233 a multiple of 2941?
False
Is 13 a factor of 30714625?
False
Is 47 a factor of 37166331?
True
Does 403 divide 33473180?
True
Does 689 divide 326775475?
True
Does 5 divide 358030499?
False
Is 296101867 a multiple of 44?
False
Is 616155488 a multiple of 12?
False
Does 80 divide 137372960?
True
Does 216 divide 1292118912?
True
Does 127 divide 69034152?
True
Is 356136 a multiple of 12?
True
Is 795 a factor of 173813235?
True
Does 954 divide 38191482?
True
Does 3049 divide 416581821?
True
Is 69014208 a multiple of 12?
True
Is 69 a factor of 17433698?
False
Does 1041 divide 2839253470?
False
Does 361 divide 5515071?
False
Is 34 a factor of 186721404?
True
Does 398 divide 1027243572?
True
Does 653 divide 94896572?
True
Does 14 divide 349272383?
False
Is 17 a factor of 260310392?
True
Is 540 a factor of 313165980?
True
Does 424 divide 71786168?
True
Is 728 a factor of 52672472?
False
Is 35 a factor of 56324279?
False
Is 8 a factor of 888918928?
True
Is 49200500 a multiple of 78?
False
Does 6 divide 972630?
True
Is 2890813670 a multiple of 35?
False
Is 21573510 a multiple of 21?
True
Is 147484258 a multiple of 347?
False
Is 7 a factor of 273228529?
True
Does 10 divide 30100798?
False
Is 16 a factor of 1259800541?
False
Is 579491428 a multiple of 4750?
False
Does 90 divide 5273879?
False
Does 55 divide 578229150?
False
Is 2404064036 a multiple of 1916?
False
Is 429080 a multiple of 340?
True
Does 4 divide 16520757?
False
Is 24 a factor of 40577040?
True
Is 450 a factor of 52758900?
True
Is 94 a factor of 782012320?
True
Is 32 a factor of 100537024?
True
Is 616477554 a multiple of 1971?
True
Does 23 divide 24136566?
False
Is 1202 a factor of 16806196?
False
Does 220 divide 2598192077?
False
Is 6435870 a multiple of 55?
False
Does 2939 divide 194585337?
False
Does 8 divide 883653312?
True
Is 5 a factor of 56019005?
True
Is 45 a factor of 431508960?
True
Is 1696 a factor of 52486779?
False
Is 117 a factor of 3540591756?
True
Does 828 divide 262027476?
False
Is 2851 a factor of 5778544?
False
Is 145 a factor of 227504420?
True
Is 1660 a factor of 3437641876?
False
Is 58 a factor of 561001240?
False
Does 289 divide 1268093742?
False
Is 369385830 a multiple of 90?
True
Is 336 a factor of 20392143?
False
Does 158 divide 28981031?
False
Is 1323594892 a multiple of 416?
False
Does 118 divide 2642770126?
True
Does 129 divide 831628557?
True
Does 1151 divide 608012998?
False
Does 600 divide 1163876400?
True
Does 11 divide 64025720?
True
Is 109471720 a multiple of 2056?
True
Is 145 a factor of 1366719301?
False
Does 99 divide 2406444633?
False
Does 4771 divide 71121297?
True
Is 11 a factor of 1092185233?
False
Is 42 a factor of 63973224?
True
Is 1330260948 a multiple of 2980?
False
Is 99 a factor of 7052661?
True
Does 224 divide 174402456?
False
Is 1761 a factor of 146809287?
True
Is 124 a factor of 3350302804?
True
Does 55 divide 553419784?
False
Is 256533924 a multiple of 2205?
False
Is 72 a factor of 29956692?
False
Is 801350572 a multiple of 11?
True
Is 2304374760 a multiple of 3020?
True
Is 59555392 a multiple of 752?
True
Is 23846247 a multiple of 1405?
False
Is 8 a factor of 91517600?
True
Is 854 a factor of 2184850134?
False
Is 339266915 a multiple of 13?
True
Is 43601310 a multiple of 45?
True
Is 722 a factor of 956963348?
True
Does 3721 divide 747507969?
True
Is 23 a factor of 15147064?
True
Does 891 divide 60598692?
True
Is 488703276 a multiple of 6?
True
Is 608719774 a multiple of 834?
False
Does 832 divide 9627904?
True
Is 703 a factor of 20635791?
False
Is 192 a factor of 189673152?
True
Is 4201 a factor of 3277006854?
True
Is 126497744 a multiple of 688?
True
Is 76 a factor of 814959?
False
Is 2393064774 a multiple of 17?
False
Is 1828335249 a multiple of 130?
False
Is 394473428 a multiple of 12?
False
Is 1463825215 a multiple of 4?
False
Is 2039792608 a multiple of 32?
True
Is 856 a factor of 363223346?
False
Is 808390 a multiple of 234?
False
Is 6 a factor of 2625288?
True
Is 2099 a factor of 278482726?
True
Is 14 a factor of 78398292?
True
Does 7 divide 11681905?
False
Is 1030499502 a multiple of 6?
True
Does 1649 divide 159962894?
True
Does 187 divide 3516392132?
True
Is 551843377 a multiple of 951?
False
Does 42 divide 273707165?
False
Does 232 divide 195479488?
True
Is 17 a factor of 156672476?
True
Is 17140077 a m